s. Determine q(s).
0
Suppose 8*z = 34*z - 208. Suppose 0*l + 12 = 4*j + 4*l, j - 4*l - 28 = 0. Let h(t) = t - z + 8*t - j*t. Determine h(7).
-1
Suppose 0 = -14*l + 7*l - 7, 2*x - 5*l = 5. Let j(r) be the third derivative of -r**5/60 + r**4/24 + r**3/3 - 2*r**2. Calculate j(x).
2
Let v be ((5/3)/5)/((-2)/(-1626)). Let g(l) = 271*l + v*l - 547*l. Calculate g(4).
-20
Let y(x) = -941 - 935 + 3*x + 1874. Calculate y(2).
4
Let i(u) be the third derivative of 1/60*u**5 - 1/12*u**4 + 1/3*u**3 + 0 - 13*u**2 + 0*u. Determine i(3).
5
Let s(z) = -z + 1 - z**2 - 4*z**2 + 2*z + 4*z**2. Let n = 799 - 797. Determine s(n).
-1
Suppose 33*h + 2 = 31*h. Let k(q) = -8*q**2. Give k(h).
-8
Let n(f) = 13*f**3 + 2*f**2 - 1. Let z = -9 + 17. Let q be -2*2*2/z. Determine n(q).
-12
Let p be -24 + 4*(-4)/(-8). Let b = p - -14. Let m be ((-2)/(-4))/(1/b). Let r(f) = -f - 1. Determine r(m).
3
Let h(a) = -a**3 - 1 + 68*a**2 - 37*a**2 - 31*a**2. Calculate h(0).
-1
Let i = -21 - -32. Let p(v) = v**3 - 10*v**2 - 10*v + 8. Determine p(i).
19
Suppose -3 = -3*y - 0. Let f = -2 + 4. Let b(v) = 5 - v - 1 - f. What is b(y)?
1
Suppose -136 + 166 = -5*k. Let v(j) = -j**2 - 7*j - 13. Determine v(k).
-7
Let c be -1*(-24)/8 + -1. Let k(w) = -w**2 - w - 2. Calculate k(c).
-8
Let z = 6 + -2. Suppose -7*n + 11*n - 20 = 0. Let i(o) = -2*o - 4 + n*o - 4*o + 13. Determine i(z).
5
Let c be 2*(-6)/(-3)*-2. Let z be 3/(5 - -1)*c. Let o be (2 - 3)/(z/20). Let a(y) = -y**3 + 5*y**2 + 4. Give a(o).
4
Let d(j) = -j + 10. Let x be 6/(-14) + (-782)/119. Let f be (4/(-10))/(x/140). Determine d(f).
2
Let t(x) = 23*x**2 - 2*x - 2. Let f(n) = n**3 - 9*n**2 - 19*n - 34. Let y be f(11). Give t(y).
23
Let s(t) be the first derivative of -13*t**4/4 + t**3/3 + t**2/2 - t - 56. Calculate s(1).
-12
Let q(s) be the third derivative of s**5/60 + 7*s**4/12 + 17*s**3/6 + 3*s**2 + 1. Calculate q(-12).
-7
Let s(n) be the second derivative of n**5/120 + 3*n**3/2 + 23*n. Let t(a) be the second derivative of s(a). Determine t(2).
2
Let j(q) be the second derivative of -q**3/6 + q**2/2 + 3*q. Give j(-4).
5
Let m(i) = 2*i - 17. Let x be m(11). Let o(y) be the third derivative of -4*y**2 - 1/60*y**x + 0 + 0*y - 1/120*y**6 - 1/24*y**4 + 11/6*y**3. What is o(0)?
11
Let v(w) = -w - 16. Let x(z) = -5. Let u(l) = -v(l) + 2*x(l). Suppose 2*f + 3 = -3. Give u(f).
3
Let j = 1679 + -1707. Let x(u) = u**3 + 28*u**2 - 2*u - 65. Calculate x(j).
-9
Let n = -30 + 29. Let l be (-1)/(n*(0 - -1)). Let g(i) = -7*i - 1. Calculate g(l).
-8
Let a(d) = -6 - 4*d + d**2 + 15 + 9*d - 8 - 6. Give a(-6).
1
Suppose 0 = -2*a + 5*j + 14, 4*a - 13 = j - 3. Let u be (a + 1)/((-2)/(1 + 1)). Let q(k) = -3*k - 3. Give q(u).
6
Let r be (-2)/(-3) + (-50)/(-6). Let k(x) = 3*x + 4 - r*x + 5*x. Determine k(0).
4
Let q(y) = -32*y**3 + y**2 + y + 1. Suppose -7*w + 53 - 60 = 0. Determine q(w).
33
Suppose 5*u - 17 - 33 = 0. Let d(n) = 9 + u*n**2 - 2 - 10*n + 2 + n**3. Give d(-11).
-2
Let b(g) = 3*g + 8. Let n(u) = 1. Let o(s) = -b(s) + 6*n(s). Let c(v) = 2*v - 17. Let z be c(7). Calculate o(z).
7
Let j(z) be the second derivative of -z**4/12 - 5*z**3/6 - z**2/2 + 6*z - 32. Suppose 2*w + 12 = f - 3*f, -9 = 3*w. Determine j(f).
5
Let p be 165/35 + 1 - 8/(-28). Let l(n) be the third derivative of n**5/60 - n**4/4 - n**3/6 + n**2. Determine l(p).
-1
Let y(g) = -2*g**2 - g - 1. Let z be y(-1). Let o be (z/(-3))/(2/15). Suppose -5 = -o*d - 10. Let m(p) = 2*p**3 + 2*p**2 + p. Give m(d).
-1
Suppose q + 9*q - 1360 = 0. Let x(u) = 9 - 139*u - q*u + 1 + 276*u. Calculate x(-11).
-1
Let k(z) = z**2 - 6*z - 3. Let u = -58 - -65. Let q be k(u). Let h(s) = 6*s - 5. What is h(q)?
19
Let o(z) = z**2 + 6*z + 4*z**2 + 10 - 6*z**2. Let u be o(7). Let w(k) = -k**3 + 2*k**2 - 2*k + 4. Determine w(u).
-11
Let b(c) be the first derivative of c**3/3 - 3*c**2 - 43*c + 1. Calculate b(10).
-3
Let h = 1854 + -1862. Let m(u) = u**2 + 12*u + 9. Give m(h).
-23
Let s = -34 + 35. Let l(t) = -t. Let a(x) = -8*x - 4. Let j(h) = s*a(h) - 6*l(h). Give j(-3).
2
Let h(v) = 11*v + 7. Suppose t + 3 = -d - t, t = -4*d - 19. Let o(q) = -5*q - 3. Let z(x) = d*o(x) - 2*h(x). Calculate z(-1).
-2
Let i(s) = s**2 + s - 5. Let b(d) = -d**2 - 2*d + 6. Let m(k) = 2*b(k) + 3*i(k). Let t = -20 - -22. Suppose -4*n = -t*n. What is m(n)?
-3
Let u(h) = -6*h - 2. Let x(j) = -43*j - 24. Let t(p) = -7*u(p) + x(p). What is t(-11)?
1
Suppose 476*j = 485*j + 27. Let b(t) = -2*t**2 - 6*t - 5. What is b(j)?
-5
Suppose 4*c - 4*q = 47 - 27, -c - 5*q + 11 = 0. Let u(t) be the third derivative of -t**4/24 + t**3 + 2*t**2. Give u(c).
0
Let u(f) = 4*f + 7 - 2*f**2 - 12*f + f**3 + 6*f - 3*f**2. Let p = 15 - 10. What is u(p)?
-3
Let g(x) = 5*x + 22. Let s(j) = -18*j - 65. Let m(l) = 7*g(l) + 2*s(l). Give m(11).
13
Let r(k) be the second derivative of k**5/20 + k**4/2 - 4*k**3/3 + 3*k**2 + 83*k. Determine r(-7).
13
Let m(f) = f + 1. Suppose 0 = -2*g - 2*g + 4*n - 36, -2*g - 4*n = 0. Give m(g).
-5
Let g(m) = m**2 + 5*m - 3. Let s = 1 - 5. Suppose -5*f + p = 28 - 2, -5*f = -3*p + 28. Let h be f*(s + -2 + 7). What is g(h)?
-3
Suppose 3 = -2*y + 1. Let h be (1 + y)/(-4 - -1). Let s(i) = -3*i**2 + 4*i + 6. Let x(k) = 4*k**2 - 5*k - 6. Let g(b) = 5*s(b) + 4*x(b). What is g(h)?
6
Suppose 3 - 103 = 2*a. Let s be 1 + 4/(-8)*a. Let h(z) = -z + s*z**2 - 2 - 25*z**2 - 5*z + 9. Determine h(5).
2
Let o(q) be the third derivative of q**5/60 - 5*q**4/24 - 2*q**3/3 + 221*q**2. Let y = 14 - 8. Calculate o(y).
2
Let p(r) = 2*r**3 + 2*r**2 + 2*r. Let t(h) = h**2 - 7*h - 31. Let g be t(10). Determine p(g).
-2
Let g be 6/(-14) + (-2000)/(-420). Let c(s) be the first derivative of 5 - s - s**2 + g*s**3. Calculate c(-1).
14
Let a(h) = -h**2 - h**2 - h**2 + 5 - 7*h - 12 - 4*h**2 - h**3. Determine a(-6).
-1
Let q(w) = -w**3 - 5*w**2 - 5*w - 6. Let s be q(-4). Let v(k) = k**2 - 5*k. Let r(d) = d**2 - d - 1. Let l(m) = s*r(m) + v(m). Determine l(4).
-26
Let r(m) = 4*m - 5*m - 4*m + 2*m - 14. Let i be r(-5). Let k(x) be the third derivative of -x**4/3 + x**3/6 - x**2. Determine k(i).
-7
Let q = 7 + -12. Let o(t) be the first derivative of t**4/4 + 5*t**3/3 + 7*t - 10. Calculate o(q).
7
Let d(g) = -g**3 - 3*g**2 + g - 3. Let h be 16/12*(6/4 + -3). Let t(c) = c**3 + c**2 + 1. Let p(v) = h*t(v) - d(v). Determine p(1).
0
Suppose v - 18 = -2*v. Suppose 0*g = -4*g + 8. Let o(u) = -u + 2*u + 2 - g*u. Determine o(v).
-4
Suppose q + 3*q = -12. Let j(b) be the third derivative of b**7/5040 + b**6/360 + b**5/6 + 2*b**2. Let g(y) be the third derivative of j(y). What is g(q)?
-1
Let s(p) = -8*p. Let b be s(-1). Let l(k) = -4*k**2 - 3*k + 1. Let f(g) = -11*g**2 - 9*g + 4. Let h(d) = b*l(d) - 3*f(d). Determine h(-4).
0
Let m(r) = 3*r**3 - r. Let f be m(1). Suppose 4*g + x - 16 = 0, 3*g + 1 = 3*x - f. Let d(i) = 9 - g*i - 9 - 7. What is d(-6)?
11
Let f(s) = s + 1. Let i(o) = 14*o - 6*o - 2 + 7. Let d = 7 + -3. Let n(l) = d*f(l) - i(l). Calculate n(1).
-5
Let f = -25 + 39. Suppose 0 = -3*z - 2*u + 29, -3*z + 0*u + 25 = u. Suppose -5*m = -z*m + f. Let g(i) = -i**2 + 6*i + 1. Calculate g(m).
-6
Let b(q) be the second derivative of q**3/6 - 2*q**2 - 130*q. Suppose -5*d = -2*d. Determine b(d).
-4
Let n(t) = t**3 + 7*t**2 + 4*t + 1. Let v be 0/(6/18 + 10/6). Suppose -2*s - 6 = -2*b, v*b + 12 = -4*b. What is n(s)?
13
Let o be ((-225)/27)/(3/(-18)). Suppose 19*q = -o + 145. Let a(i) = -i**2 + 7*i. Give a(q).
10
Let m(o) be the third derivative of -o**7/840 - o**6/60 - 7*o**5/120 - o**4/4 + 2*o**3 + 10*o**2. Let d(a) be the first derivative of m(a). Give d(-5).
4
Let r(q) = q**2 + 4*q + 2. Let h be r(-3). Suppose 0*x = 2*x - 14. Let z(o) = -o + 3*o**2 - 5*o**2 + o**2 + x*o**2. Calculate z(h).
7
Suppose 2*p = 3*k - 13, -3*k + 4*p = -0*k - 17. Let c(t) = 10*t**2 - 4*t - 5 + k - t**3 - 9*t + 6*t. Calculate c(9).
16
Let s(n) = -n**2 - 2 + 0*n + 10 + 7*n. Let r = -2734 + 2743. Give s(r).
-10
Suppose -2*u + 12 = 4*u. Let p(b) = -u*b - 3 - b + 2*b + 2*b. Determine p(0).
-3
Let s(t) = -t**2 - 2*t + 3. Let y(g) = 5*g**2 + g + 2. Let r be y(2). Suppose -5*f = -a + 8, f - r - 29 = -4*a. Let w = a + -17. Determine s(w).
-5
Suppose -2*u - 2*z = 16, 8*z = 2*u + 4*z + 16. Let r(p) = -5*p**2 + 70 - 68 - p**2 + 2*p**2 + 5*p**2 + 10*p. Determine r(u).
-14
Let n(s) = 34*s + 1. Let h be -8 - 90/(-7 + -3). Dete